 What is the highest common factor of d and 119?
7
Let k = 286 - 47. Let f = 294 - k. Calculate the highest common divisor of f and 495.
55
Suppose 4*m - 2*m - 3*f = -915, m - 2*f + 460 = 0. Let r be -1 - ((-6)/8 + m/8). Calculate the highest common divisor of 7 and r.
7
Suppose 0 = 37*g + 4 - 4. Let j be g + (-1038)/(-9) + 8/12. Calculate the greatest common divisor of j and 29.
29
Let l be (0/7)/7 + (-15)/(-1). Suppose 4*w = 2*j - 34, -4*w + w + l = 0. What is the highest common divisor of 1728 and j?
27
Suppose -462*o = -443*o - 18354. Calculate the greatest common factor of 7 and o.
7
Let v = -25 - -30. Suppose 2*f = v*p - 15, -2*f = -0*p - p - 5. Suppose -3*d - 5*h + 565 = 0, -h - p = -2*h. What is the greatest common divisor of 20 and d?
20
Let i(f) = -f**2 - 5*f + 8. Let y be i(-5). Suppose -228 = 4*v - y*v. Let w be -5 + -1*(6 - 49). Calculate the highest common divisor of v and w.
19
Suppose 0 = -2*z + 4*a + 26, 4*z + 0*z - 4*a = 36. Let v = 40 - 7. Suppose 0 = -z*b + 4*b + v. Calculate the greatest common divisor of b and 3.
3
Let f(t) = -t**3 + t**2 + 14*t - 12. Let p be f(4). Let i(k) = 45*k**2 - 4*k - 5. Let u be i(p). Calculate the greatest common factor of u and 43.
43
Let s = 25573 + -24946. Calculate the highest common factor of 304 and s.
19
Suppose -33*v = -922519 - 66095. What is the highest common divisor of 6 and v?
6
Let r(o) = o**2 - 12*o + 65. Let g be r(16). Let k = 135 - g. Suppose 5*v - 10 = 4*j, 0*v + 3*j + 3 = 3*v. Calculate the highest common divisor of v and k.
6
Suppose 0 = -4*v - 28, -12*p = -10*p + 3*v - 12117. What is the highest common factor of p and 663?
51
Suppose -18 = 3*x, -135*t - 4*x = -139*t + 424. Calculate the highest common factor of 580 and t.
20
Let x = -14197 - -14791. What is the highest common factor of x and 12?
6
Suppose 4*x = 5*f + 905, -5*x + 47 = -4*f - 686. Let p = f + 375. What is the highest common divisor of 18 and p?
18
Suppose -11*s + 6*s = -n - 44, -s = -3*n + 8. What is the greatest common divisor of 11870 and s?
10
Let x(c) = 65*c**2 + 11*c + 2. Let u be x(-2). Calculate the greatest common factor of 1770 and u.
30
Let c = 395 + -415. Let v be ((-5)/c + -4)/((-21)/28). What is the greatest common divisor of v and 80?
5
Let w = 74 - 14. Let f be (3/((-9)/w))/(2/(-9)). What is the highest common divisor of 60 and f?
30
Let a = 46 + -46. Suppose -6*s - 22 - 68 = a. Let j be 4/(-30) - 272/s. Calculate the greatest common factor of j and 126.
18
Let d(o) = 1013*o + 12273. Let a be d(-12). Calculate the highest common factor of a and 20826.
117
Suppose -4*l - f + 59 = 0, 50 = 4*l - f - f. Suppose 22*y - 1720 = l*y. Calculate the greatest common factor of y and 43.
43
Let c(w) = -3*w**3 + 22*w + 3. Let b be c(-5). Let u be (b/(-8) - -6)/((-1)/2). What is the highest common divisor of 495 and u?
55
Suppose -57*y - 4*b = -60*y + 456, 4*b + 612 = 4*y. Calculate the greatest common factor of y and 2548.
52
Let b = 9616 - 9206. Calculate the highest common divisor of 4346 and b.
82
Let w(k) = -8*k + 16 + 7 - 17 + 28*k**2. Let x be w(2). Suppose -7*v + x - 18 = 0. Calculate the greatest common divisor of v and 6.
6
Suppose -508*g + 507*g = -5. Suppose -2*z + 258 = 5*b, g*b - 103 = 2*z + 139. What is the highest common divisor of 325 and b?
25
Let j(w) = w**2. Let l be (-6)/4*(18 + -5 - 1). Let r be j(l). Calculate the greatest common factor of 12 and r.
12
Suppose 0 = -2*q + 119 + 41. Let x(t) = 8*t**2 - 59*t - 8. Let b be -5*(3 - 35/25)*-1. Let f be x(b). What is the highest common factor of q and f?
16
Let s = -5 + 3. Let g = s + 7. Let y = -38008 - -38038. Calculate the greatest common factor of g and y.
5
Suppose 223*y = 236*y - 2665. Suppose 226*q = y*q + 294. Let x be 55 - -1*1*1. Calculate the greatest common divisor of q and x.
14
Let r = -5274 - -8614. Let v be r/18 - 80/(-180). What is the highest common factor of v and 6?
6
Suppose -g + 69 = g + 5*i, -i = g - 36. Let o = -204 - -208. Suppose -o*r - 2*x - 895 = -2529, -5*x + 15 = 0. Calculate the highest common divisor of r and g.
37
Suppose -20 = -5*z, 4*m - z - 77 - 27 = 0. Suppose 0 = 2*t + 4*a - 82, -4*t + 78 = 5*a - 80. Let p = t + m. Calculate the greatest common factor of p and 8.
8
Let q(o) = o**3 - 6*o**2 - 4*o + 2. Let x be q(7). Suppose -5*c + 6*c - x = 0. Suppose -33 = -8*l + c. What is the highest common divisor of 21 and l?
7
Let l = -29266 - -29886. Calculate the greatest common divisor of l and 500.
20
Let u = 1 + 3. Suppose 5*q + 1239 + 84 = 3*w, 0 = 5*q + w + 1319. Let y = q + 276. What is the greatest common factor of u and y?
4
Suppose 0 = p + 5*o - 98, -5*o - 47 + 311 = 3*p. Suppose 196 = 9*a - p. Calculate the greatest common divisor of a and 62.
31
Let b be (-1 - 3/(-4)) + (-86880)/(-384). Let g = 322 - b. Calculate the greatest common divisor of g and 120.
24
Let z = 7191 + -6255. Calculate the highest common factor of 162 and z.
18
Suppose 6*f = 53 + 19. Let w be ((-8)/f)/(2*4/(-168)). Calculate the greatest common factor of 189 and w.
7
Let u(n) = -n**3 - 18*n**2 + 27*n - 12. Let p be u(-20). Let c be p/(-12)*-3*(3 + -2). What is the highest common divisor of c and 155?
31
Let l = -69 - -85. Let m = 814 + -678. What is the greatest common factor of m and l?
8
Let z be 35/15 + -3 + 44/12. Suppose z*r - 335 = 28. What is the highest common divisor of 44 and r?
11
Let g(r) = 296*r + 2172. Let n be g(-7). Calculate the highest common divisor of 52 and n.
4
Let b be 248 - 8/(20/5). Suppose -m = 2*y - 510, y + 3*m = -2*m + b. Suppose 4*f - y = -4*f. Calculate the highest common divisor of f and 4.
4
Suppose -4*c + 101 = -27. Suppose -4*h + 4*o = o + 40, 9 = -h + o. Let m = h + c. Calculate the highest common divisor of 57 and m.
19
Let s = 6513 + -6141. What is the greatest common divisor of 12 and s?
12
Let b(d) = 41*d - 6*d**2 - 29*d - 2*d**2 + 7*d**2 - 6 + 0*d**2. Let f be b(9). Calculate the greatest common divisor of f and 3.
3
Suppose -44 + 44 = 17*j. Suppose 4*t - 5*x - 86 = 0, j = -5*t + 2*t + 2*x + 68. Calculate the greatest common factor of t and 48.
24
Let o(k) = 17*k**2. Let u be o(-1). Suppose 212*x - 220*x = -13912. Suppose -20*z = -x - 1321. What is the highest common factor of u and z?
17
Let s = -8838 - -23380. What is the greatest common divisor of 22 and s?
22
Let h = -86 - -389. Let c = h - 211. What is the greatest common divisor of c and 230?
46
Let f = 16511 - 16429. Suppose 4*w - 2*t - 101 - 69 = 0, 5*w + t = 202. What is the highest common divisor of f and w?
41
Let c = 1265 + 1925. Calculate the greatest common divisor of c and 440.
110
Let g(d) = 138*d - 15. Let k be g(2). Let m be (-16)/(-24)*(1 - 64). Let c be 603/21 - 12/m. What is the greatest common divisor of k and c?
29
Let d be (-5 - 2)*18*30/7. Let m be (((-16)/(-3))/4)/((-20)/d). What is the highest common factor of m and 4?
4
Suppose v + 4*t - 3811 = 0, 3*v + 1600 = -t + 13055. What is the greatest common divisor of v and 57?
57
Let x be (-98)/((-22)/20 + (-24)/(-40)). Calculate the highest common factor of x and 238.
14
Suppose k - 3*w - 4719 = 0, 6*w = 5*k + 11*w - 23535. Calculate the highest common factor of k and 30.
30
Let i(y) = -12*y**2 + y + 3. Let z be i(0). Suppose 2*o = -0*o - z*j + 26, -3*o = -4*j - 56. What is the greatest common factor of o and 5?
1
Suppose 0 = -h - 5*u + 776, 33*h - 5*u = 28*h + 3880. Let f = h + -722. What is the greatest common factor of 432 and f?
54
Let r(g) = g**2 + 7*g - 2. Let y be r(-9). Let q be ((-12)/7)/(-6) + (-710)/(-14). Suppose 0 = -q*d + 52*d - y. Calculate the highest common divisor of d and 8.
8
Let p(z) = -z**3 - 30*z**2 + 30*z - 145. Let w be p(-31). Let s = w - -304. What is the highest common factor of 40 and s?
10
Let a(k) = -4*k**3 + 3*k**2. Let j be a(-3). Suppose 0 = -134*r + j*r - 304. What is the highest common divisor of r and 38?
38
Let a(o) = -5*o**2 + 122*o + 847. Let z be a(28). Calculate the highest common divisor of 539 and z.
49
Let g be -19 - 9/((-135)/420). Calculate the highest common factor of g and 1983.
3
Let n = -670 - -652. Let y be 1067 + 9 + -14 - n/(-3). What is the greatest common factor of 16 and y?
16
Let w = -212 - -377. Let h(m) = -2*m**2 - 143*m + 2610. Let s be h(15). What is the greatest common factor of s and w?
15
Suppose 0 = 5*w 